31141?
1
What is the hundreds digit of 3511?
5
What is the hundreds digit of 133?
1
What is the tens digit of 2947?
4
What is the hundreds digit of 681?
6
What is the thousands digit of 15944?
5
What is the units digit of 2616?
6
What is the thousands digit of 16082?
6
What is the hundreds digit of 555?
5
What is the tens digit of 14999?
9
What is the ten thousands digit of 23612?
2
What is the tens digit of 2129?
2
What is the units digit of 52683?
3
What is the units digit of 82874?
4
What is the tens digit of 4700?
0
What is the hundreds digit of 37820?
8
What is the hundreds digit of 198?
1
What is the units digit of 40524?
4
What is the ten thousands digit of 28340?
2
What is the tens digit of 691?
9
What is the thousands digit of 1262?
1
What is the hundreds digit of 3180?
1
What is the hundreds digit of 7199?
1
What is the hundreds digit of 15438?
4
What is the hundreds digit of 7017?
0
What is the hundreds digit of 905?
9
What is the tens digit of 1602?
0
What is the tens digit of 5584?
8
What is the units digit of 904?
4
What is the tens digit of 33309?
0
What is the hundreds digit of 1858?
8
What is the units digit of 92818?
8
What is the tens digit of 53827?
2
What is the ten thousands digit of 47455?
4
What is the thousands digit of 65957?
5
What is the hundreds digit of 1604?
6
What is the hundreds digit of 15579?
5
What is the tens digit of 137986?
8
What is the hundreds digit of 88834?
8
What is the units digit of 20013?
3
What is the tens digit of 5595?
9
What is the tens digit of 21626?
2
What is the hundreds digit of 103590?
5
What is the thousands digit of 10375?
0
What is the hundreds digit of 259?
2
What is the units digit of 1759?
9
What is the hundreds digit of 15118?
1
What is the hundreds digit of 1031?
0
What is the units digit of 39238?
8
What is the units digit of 12943?
3
What is the hundreds digit of 5350?
3
What is the tens digit of 28275?
7
What is the tens digit of 8051?
5
What is the hundreds digit of 425?
4
What is the ten thousands digit of 18394?
1
What is the units digit of 4688?
8
What is the tens digit of 53393?
9
What is the thousands digit of 26021?
6
What is the hundreds digit of 3415?
4
What is the hundreds digit of 13216?
2
What is the tens digit of 1027?
2
What is the thousands digit of 2376?
2
What is the thousands digit of 6676?
6
What is the units digit of 5199?
9
What is the units digit of 564?
4
What is the thousands digit of 152697?
2
What is the ten thousands digit of 80578?
8
What is the ten thousands digit of 61102?
6
What is the ten thousands digit of 72105?
7
What is the hundreds digit of 2946?
9
What is the units digit of 5143?
3
What is the thousands digit of 12448?
2
What is the thousands digit of 7821?
7
What is the thousands digit of 1349?
1
What is the tens digit of 37084?
8
What is the units digit of 1588?
8
What is the ten thousands digit of 36321?
3
What is the tens digit of 4702?
0
What is the thousands digit of 4832?
4
What is the units digit of 37200?
0
What is the units digit of 45643?
3
What is the hundreds digit of 1359?
3
What is the hundreds digit of 146580?
5
What is the hundreds digit of 397?
3
What is the thousands digit of 13566?
3
What is the units digit of 3345?
5
What is the units digit of 79187?
7
What is the thousands digit of 70722?
0
What is the hundreds digit of 4936?
9
What is the tens digit of 7165?
6
What is the hundreds digit of 6312?
3
What is the units digit of 1465?
5
What is the thousands digit of 33587?
3
What is the thousands digit of 86300?
6
What is the hundreds digit of 862?
8
What is the tens digit of 87305?
0
What is the hundreds digit of 6011?
0
What is the hundreds digit of 2550?
5
What is the thousands digit of 31894?
1
What is the units digit of 46406?
6
What is the thousands digit of 2545?
2
What is the thousands digit of 11477?
1
What is the thousands digit of 2162?
2
What is the hundreds digit of 2091?
0
What is the hundreds digit of 15105?
1
What is the tens digit of 2335?
3
What is the units digit of 2193?
3
What is the thousands digit of 33517?
3
What is the units digit of 77741?
1
What is the ten thousands digit of 11752?
1
What is the ten thousands digit of 16856?
1
What is the tens digit of 5963?
6
What is the units digit of 40995?
5
What is the thousands digit of 31926?
1
What is the units digit of 62506?
6
What is the hundreds digit of 6427?
4
What is the tens digit of 328?
2
What is the tens digit of 81018?
1
What is the units digit of 77819?
9
What is the thousands digit of 7599?
7
What is the units digit of 804?
4
What is the hundreds digit of 9366?
3
What is the hundreds digit of 57911?
9
What is the tens digit of 4109?
0
What is the thousands digit of 1834?
1
What is the units digit of 669?
9
What is the tens digit of 1335?
3
What is the units digit of 6776?
6
What is the ten thousands digit of 45239?
4
What is the units digit of 442?
2
What is the hundreds digit of 2882?
8
What is the units digit of 2484?
4
What is the ten thousands digit of 188919?
8
What is the units digit of 203249?
9
What is the hundreds digit of 32490?
4
What is the tens digit of 977?
7
What is the tens digit of 81407?
0
What is the hundreds digit of 3476?
4
What is the hundreds digit of 988?
9
What is the hundreds digit of 590?
5
What is the hundreds digit of 38923?
9
What is the hundreds digit of 12391?
3
What is the units digit of 5237?
7
What is the thousands digit of 2688?
2
What is the units digit of 73?
3
What is the tens digit of 36027?
2
What is the units digit of 2659?
9
What is the tens digit of 465?
6
What is the tens digit of 7641?
4
What is the hundreds digit of 3358?
3
What is the hundreds digit of 13412?
4
What is the thousands digit of 46995?
6
What is the tens digit of 223?
2
What is the tens digit of 1135?
3
What is the units digit of 13526?
6
What is the hundreds digit of 1063?
0
What is the hundreds digit of 46656?
6
What is the hundreds digit of 4089?
0
What is the thousands digit of 4812?
4
What is the hundreds digit of 9683?
6
What is the tens digit of 2341?
4
What is the thousands digit of 8792?
8
What is the tens digit of 42676?
7
What is the hundreds digit of 1554?
5
What is the tens digit of 6694?
9
What is the tens digit of 131983?
8
What is the hundreds digit of 5171?
1
What is the ten thousands digit of 18325?
1
What is the tens digit of 1462?
6
What is the tens digit of 19901?
0
What is the thousands digit of 15370?
5
What is the hundreds digit of 1780?
7
What is the units digit of 29207?
7
What is the ten thousands digit of 41429?
4
What is the ten thousands digit of 69134?
6
What is the units digit of 26006?
6
What is the units digit of 1339?
9
What is the hundreds digit of 2555?
5
What is the hundreds digit of 6546?
5
What is the units digit of 1218?
8
What is the units digit of 177?
7
What is the hundreds digit of 80027?
0
What is the units digit of 3427?
7
What is the units digit of 38763?
3
What is the hundreds digit of 1971?
9
What is the units digit of 519?
9
What is the units digit of 8219?
9
What is the tens digit of 24144?
4
What is the units digit of 102876?
6
What is the hundreds digit of 33926?
9
What is the units digit of 1358?
8
What is the hundreds digit of 164?
1
What is the ten thousands digit of 10119?
1
What is the units digit of 29561?
1
What is the hundreds digit of 630?
6
What is the units digit of 4997?
7
What is the units digit of 14107?
7
What is the units digit of 2665?
5
What is the hundreds digit of 750?
7
What is the tens digit of 489?
8
What is the tens digit of 7912?
1
What is the hundreds digit of 4915?
9
What is the tens digit of 693?
9
What is the thousands digit of 19159?
9
What is the tens digit of 55304?
0
What is the tens digit of 44064?
6
What is the hundreds digit of 18049?
0
What is the tens digit of 774?
7
What is the hundreds digit of 534?
5
What is the hundreds digit of 42876?
8
What is the thousands digit of 6728?
6
What is the tens digit of 4508?
0
What is the units digit of 501?
1
What is the tens digit of 2099?
9
What is the hundreds digit of 14266?
2
What is the tens digit of 687?
8
What is the ten thousands digit of 89430?
8
What is the thousands digit of 4092?
4
What is the tens digit of 2252?
5
What is the thousands digit of 8070?
8
What is the hundreds digit of 